 is -8 + 15 + (-4 - 1)?
2
Calculate 1 + -5 - (2 - -4 - 6).
-4
3 - 0 - (0 + 2)
1
-4 + (3 - (1 + 2))
-4
-1 + (6 + -4 - -1)
2
What is the value of -1 + -3 + 6 + -3 + 2?
1
Evaluate (-15 - -13) + (0 - 0 - 0).
-2
What is -2 + -8 + 2 - -6?
-2
What is the value of 9 + (7 - 17) - -6?
5
What is 15 + -12 + (0 - -1) + -8?
-4
Evaluate (-9 - -5) + 4 + -2.
-2
Evaluate 2 + -2 + (-2 + 0 - -6).
4
Evaluate (-8 - (2 + -7)) + 1.
-2
Evaluate -8 - (0 - 1) - (-5 + 0).
-2
What is 5 + 3 + (1 - -2) + -8?
3
2 + 17 - (19 - 8)
8
What is the value of 5 + (5 + -9 - -8)?
9
What is -4 - (-2 + (-5 - (-4 + 2)))?
1
What is (28 - 26) + -5 + -4 + 2?
-5
What is (-5 - -3) + (-23 - -24)?
-1
-4 + 0 - (3 - 1)
-6
Evaluate -2 - (4 - (-5 + 9)).
-2
Calculate 10 + -6 + 4 - 14.
-6
Calculate -10 - (-12 - (-3 - 3)) - -8.
4
Calculate (6 - 11 - (-10 + 1)) + -3.
1
What is the value of 6 + -4 + -5 + 0 + 2?
-1
What is the value of -4 - (-4 + -18 + 9)?
9
Calculate -6 - 1 - (-16 - (-11 - -7)).
5
What is the value of (-8 - (-12 - -8)) + 7?
3
What is 0 + (-3 - 1 - -4)?
0
What is the value of 72 + -69 + (-8 - 0)?
-5
Evaluate 7 - (9 + 1) - 0.
-3
Calculate -1 + -5 + -7 + 7.
-6
Evaluate 5 - (-4 - (-2 + -3)).
4
(2 - (-3 - -4)) + -9
-8
-3 + (-6 - -3) + 6 - 2
-2
What is the value of -1 - (-2 - -2) - (3 + -7)?
3
Calculate 2 - (-1 + 5 - (4 + 0)).
2
What is the value of (-22 - -28) + -2 + 0 + 1?
5
-3 + (1 - 0) + -6 - -18
10
(4 - 4 - -4) + -2
2
Calculate 5 - (20 - 11) - -1.
-3
Evaluate 1 - -2 - (14 - 13).
2
-1 + 0 + 1 + -5
-5
What is -3 + (1 - (1 + 1)) + 1?
-3
Calculate -1 + 0 - (5 - 5).
-1
-7 + (9 - (1 - -5))
-4
13 + (-13 - -1) - (0 - 1)
2
What is 4 - 7 - (7 + -8) - 4?
-6
-4 + -2 + 1 + 3
-2
What is 1 - (-4 + (1 - (0 - 1)))?
3
Evaluate 8 - ((2 - -4) + 0).
2
What is -4 + (-5 + 4 - -2 - -5)?
2
-7 + 5 + (2 - 6 - -4)
-2
Evaluate 5 + (-2 - ((-2 - -4) + -1)).
2
2 - (-7 - -8 - 4)
5
Calculate -15 + 18 - (-1 + 5) - -2.
1
Calculate 2 + (3 - -1 - 7) + 3.
2
Calculate 7 - (12 + -8 - (1 + 0)).
4
What is -12 - -9 - (-1 - (-2 - -5))?
1
What is the value of -2 + 0 + 5 + -7?
-4
(-2 - 0 - (7 - 5)) + 2
-2
Evaluate -12 + 20 - (-5 - -6).
7
(-5 - -12) + -6 + (-2 - -3)
2
What is the value of 1 - ((12 - (5 - 3)) + -3)?
-6
What is the value of (1 - -2) + (0 - 1) + -3?
-1
What is the value of -1 + -3 + -4 + 4?
-4
What is 2 + -9 + (-27 - -28)?
-6
Evaluate 10 + (3 - 5) - -1.
9
What is the value of 2 + -4 + (-3 - -1 - 1)?
-5
(-5 - -3) + (-1 - (-2 + 5))
-6
Evaluate 4 - (-2 - (1 - 2)) - 1.
4
(28 - 14) + -12 + 0 + -5
-3
What is the value of 1 - (1 + 4 + -9 - 1)?
6
Calculate (-2 + 2 - -4) + (10 - 11).
3
(0 - 7 - -1) + 41 + -38
-3
What is the value of (-4 - -2) + 2 - (10 + -9)?
-1
Evaluate -4 + 8 + -4 + -1.
-1
Calculate 0 + 0 + -6 + 10 + 1.
5
What is -4 + (1 + 2 - -4)?
3
What is (3 - 3) + (-8 - -4)?
-4
Evaluate 6 + 4 + (-2 - -1 - 7).
2
What is -10 + 24 - 10 - -4?
8
Calculate (5 - (1 - -7)) + 2 + 2.
1
(-8 - (-12 - -6) - -9) + -13
-6
What is 6 - 2 - -1 - 9?
-4
What is the value of 2 + (-2 - (-1 + 1)) + -3?
-3
Calculate -13 - (-29 + 26 + (-1 - -1)).
-10
Evaluate (-1 - (-2 - -1)) + -2 + 3.
1
Calculate (8 + 3 - 20) + 7.
-2
Evaluate 1 - (-2 + (-3 - 0 - -4)).
2
What is -4 - (-9 - (2 + (-4 - -3)))?
6
0 - (-2 - -8 - 7)
1
Evaluate 7 + -6 - -2 - 2.
1
Calculate 3 + -5 + 5 - 0.
3
Calculate 6 + -11 + 1 + -2 + 11.
5
Calculate (3 - 4 - 2) + 4.
1
Evaluate 4 + (13 - 7) + -6.
4
What is the value of (-4 - (-6 + 4)) + 4?
2
What is the value of 23 + -5 - (16 + -6)?
8
What is (2 - 0) + 3 + -2?
3
What is the value of -9 + 21 + 7 + -19?
0
Calculate -3 + -2 + (-3 - 0) + 3.
-5
What is -1 + -9 + 1 + (0 - -5)?
-4
What is -1 - 2 - (0 + -4) - 4?
-3
What is 2 + -1 + -3 + (-8 - -5)?
-5
4 + (1 - 4 - (-2 - 0))
3
Calculate (-4 - -5) + (-1 - (1 - -5)).
-6
What is the value of -223 + 220 + 8 + 2 + -2?
5
What is the value of -1 + 5 + (-4 + -12 - -15)?
3
What is the value of 0 - (-8 - (-5 - -2))?
5
What is the value of 5 + -5 + 3 + -6?
-3
(-3 + -2 - (7 - 13)) + -6
-5
Evaluate 1 + (4 - (-3 + 3)).
5
Calculate -2 + 10 + -7 - -1.
2
What is (46 - 37) + -1 + -2 + -1?
5
What is the value of (-7 - (-8 + 6 - 1)) + -1?
-5
Calculate 0 + -1 + (5 - 5).
-1
What is -2 + 4 + -3 + 1 + 2?
2
Calculate 3 - (-3 + 1 + 1 + 4).
0
What is the value of 5 + -1 - (-12 + (-10 - -25))?
1
Calculate -5 + 2 + (-9 - -13).
1
(4 - 0) + (3 - 7)
0
Calculate -2 - (9 - 5 - 10) - 6.
-2
What is the value of -10 + 9 + -5 - -9?
3
Calculate -3 + 3 - (3 + -1 + -1).
-1
Calculate 8 - (0 - (3 - 8)).
3
Calculate -11 + 12 + 6 + -13.
-6
Calculate -10 - ((-19 - -15) + -1 + -2).
-3
What is the value of (-7 - (-12 - (-1 + -6))) + 1?
-1
What is the value of 6 - (0 + 5 + -1)?
2
Calculate 11 - (-12 - -22) - (3 + 0).
-2
Evaluate -3 - (4 + (-3 - (2 - 2))).
-4
Calculate 7 - (0 - (-10 - 1)).
-4
Evaluate 1 + (5 - 0 - 3).
3
Evaluate 6 - (5 - 10) - 4 - 10.
-3
What is 1 - (12 + -3 - 3)?
-5
What is the value of 21 + (-20 - 7) + 12?
6
Evaluate (-2 - (7 - 2)) + 2.
-5
Calculate 10 - (-3 - (0 - 0 - 6)).
7
What is 1 + -5 - (-4 + 4)?
-4
Calculate -1 - -2 - (2 - 0 - -1).
-2
-4 + (1 + -1 - (11 + -13))
-2
-5 + -3 + 10 + -2 + -4
-4
What is (3 - 5 - 4 - -5) + 6?
5
Calculate (1 - 2) + 4 + 1 + -2.
2
Evaluate -6 + 6 + 1 + -3 + 5.
3
What is the value of (5 - (5 + 4) - 1) + 6?
1
Evaluate -5 + (2 - (5 + -7 + 5)).
-6
4 - ((0 - 1) + 4 - -1)
0
Calculate 2 + -6 + -11 + 19 - 11.
-7
-2 + (3 + 1 + -5 - -2)
-1
Calculate (3 - 11) + 7 - 1.
-2
What is the value of -1 + (-4 - 1 - -3)?
-3
Evaluate (-5 - (-2 - 0)) + -44 + 45.
-2
Calculate -8 - (-6 - (0 - 4)).
-6
What is the value of (1 - -4) + -4 + -3 - 2?
-4
Calculate -8 - (-8 + 2) - 0.
-2
What is the value of 4 - 6 - (-9 - (-5 + -2))?
0
(1 - -1) + 3 + -9 + 9
5
What is the value of (4 - 5 - -3) + -2?
0
Calculate 45 + -45 + -1 + -3 + 1.
-3
What is 1 + (8 - 2 - 5)?
2
-9 + 7 + (1 + -1 - 3)
-5
What is 0 - 9 - (80 - 89)?
0
(2 - (9 - 4)) + 5
2
What is the value of 11 + (-16 - (-4 + 0))?
-1
What is the value of 12 + (-12 - -8 - 4)?
4
What is (0 - 0) + (0 - (2 + 1))?
-3
What is the value of -6 + 14 - (5 - (-1 + 4))?
6
What is the value of -1 + 5 + 0 - 2?
2
10 + 3 + 1 + (-10 - -1)
5
Evaluate 3 + (12 - 0) - 9.
6
What is the value of -2 + -1 + -2 - -7?
2
What is the value of 8 - (-5 - -10) - -3 - 8?
-2
Calculate (-6 - (-1 - -2 - -1)) + 4.
-4
Calculate -9 + 1 - (0 + -11).
3
What is the value of 1 + 6 - (-5 + 15 + -10)?
7
What is the value of 6 - (-6 + 6 + 1)?
5
Calculate 1 + -3 + 1 + 2 + 2.
3
Calculate 5 - (4 - (8 + -1 + -7)).
1
Calculate 28 - 41 - (-8 + 0).
-5
What is the value of 5 + -5 + -3 + 3 - -4?
4
Calculate -2 + 4 + -6 + 0.
-4
What is the value of 6 + (1 - (2 + -3)) - 3?
5
Evaluate (-4 - (8 - 15)) + (3 - -1).
7
-9 - (-12 + 5 + 0)
-2
Evaluate (0 - 4) + 0 + (31 - 28).
-1
Calculate (-2 - 3) + 7 + -6.
-4
What is the value of -1 + 0 - (-72 - -65)?
6
What is the value of (22 - 16) + -13 + -3 + 2?
-8
Evaluate 9 - 18 - (-19 + 11).
-1
What is 9 + (8 - 14) - 4?
-1
Evaluate 1 + 1 + (-10 - -5) + 8.
5
Evaluate -9 + (5 - 7) + 5.
-6
What is the value of -2 - -3 - -2 - 3 - 0?
0
Evaluate (-1 - 11) + (-18 - -9 - -14).
-7
Calculate 1 + 1 + (-15 - -16).
3
(8 + -3 - 2) + -1
2
What is -3 + (8 - 4) + 3?
4
What is (8 - (-6 - -14)) + (-2 - 3)?
-5
What is 0 - 2 - (34 + -17 - 19)?
0
What is the value of -24 + 10 - (3 + -20)?
3
Calculate (-2 - 3) + (-1 - (-7 - -1)).
0
Calculate -7 + 5 + -3 - 1.
-6
Calculate (2 + -4 - -6 - 1) + -1.
2
What is -13 - (3 + -6 - 4)?
-6
Calculate 3 + -8 + (-5 - -8).
-2
Calculate -2 + (-1 - (3 - (4 + 3))).
1
Calculate (-2 - (-23 + 8)) + -10.
3
Evaluate 59 + -60 - (0 + -1 + 2).
-2
Evaluate (-152 - -151) + -7 + -2 + 1.
-9
Calculate -2 - (2 - (4 + -5 + 5)).
0
Evaluate (-33 - -40) + (2 + -20 - -4).
-7
-5 + -14 + (5 - -5)
-9
What is the value of -1 + 9 + -17 + (1 - -7)?
-1
20 + 10 + (-24 - -2)
8
What is 1 - -4 - (4 + -3 - -6)?
-2
What is the value of -1 - (0 - (-2 - -3)) - -1?
1
What is the value of -3 + 1 + -1 + -82 + 76?
-9
Evaluate (3 - (8 - 4)) + 2.
1
What is 3 + (-3 - (-2 + -1))?
3
Evaluate -1 - ((0 - -2) + -1).
-2
What is 1 + 0 + -101 + 92?
-8
What is 4 + (-3 - -6) + (-3 - 2)?
2
What is the value of 4 + (-9 - -17) - 2?
10
Evaluate (0 - -2) + (0 - 3) + 5.
4
-10 + 1 + (39 - 30)
0
Calculate -3 + -1 + 0 - (0 - -3).
-7
-7 - (1 - (7 + -5))
-6
Evaluate 8 + -3 + -6 + -1 + 8.
6
-3 - -1 - 1 - (0 + -1)
-2
-5 - (4 + (-20 - -9))
2
-4 + 2 - (-5 -